{"version":"1.0","provider_name":"NOTABENE.WORLD","provider_url":"https:\/\/notabene.world\/nb","author_name":"C vel K","author_url":"https:\/\/notabene.world\/nb\/author\/kcedro\/","title":"Nasza Polska AD 2022 - NOTABENE.WORLD","type":"rich","width":600,"height":338,"html":"<blockquote class=\"wp-embedded-content\" data-secret=\"aHWnUvNLBL\"><a href=\"https:\/\/notabene.world\/nb\/13-12-2022-41-lat-pozniej\/\">Nasza Polska AD 2022<\/a><\/blockquote><iframe sandbox=\"allow-scripts\" security=\"restricted\" src=\"https:\/\/notabene.world\/nb\/13-12-2022-41-lat-pozniej\/embed\/#?secret=aHWnUvNLBL\" width=\"600\" height=\"338\" title=\"&#8222;Nasza Polska AD 2022&#8221; &#8212; NOTABENE.WORLD\" data-secret=\"aHWnUvNLBL\" frameborder=\"0\" marginwidth=\"0\" marginheight=\"0\" scrolling=\"no\" class=\"wp-embedded-content\"><\/iframe><script type=\"text\/javascript\">\n\/* <![CDATA[ *\/\n\/*! This file is auto-generated *\/\n!function(d,l){\"use strict\";l.querySelector&&d.addEventListener&&\"undefined\"!=typeof URL&&(d.wp=d.wp||{},d.wp.receiveEmbedMessage||(d.wp.receiveEmbedMessage=function(e){var t=e.data;if((t||t.secret||t.message||t.value)&&!\/[^a-zA-Z0-9]\/.test(t.secret)){for(var s,r,n,a=l.querySelectorAll('iframe[data-secret=\"'+t.secret+'\"]'),o=l.querySelectorAll('blockquote[data-secret=\"'+t.secret+'\"]'),c=new RegExp(\"^https?:$\",\"i\"),i=0;i<o.length;i++)o[i].style.display=\"none\";for(i=0;i<a.length;i++)s=a[i],e.source===s.contentWindow&&(s.removeAttribute(\"style\"),\"height\"===t.message?(1e3<(r=parseInt(t.value,10))?r=1e3:~~r<200&&(r=200),s.height=r):\"link\"===t.message&&(r=new URL(s.getAttribute(\"src\")),n=new URL(t.value),c.test(n.protocol))&&n.host===r.host&&l.activeElement===s&&(d.top.location.href=t.value))}},d.addEventListener(\"message\",d.wp.receiveEmbedMessage,!1),l.addEventListener(\"DOMContentLoaded\",function(){for(var e,t,s=l.querySelectorAll(\"iframe.wp-embedded-content\"),r=0;r<s.length;r++)(t=(e=s[r]).getAttribute(\"data-secret\"))||(t=Math.random().toString(36).substring(2,12),e.src+=\"#?secret=\"+t,e.setAttribute(\"data-secret\",t)),e.contentWindow.postMessage({message:\"ready\",secret:t},\"*\")},!1)))}(window,document);\n\/\/# sourceURL=https:\/\/notabene.world\/nb\/wp-includes\/js\/wp-embed.min.js\n\/* ]]> *\/\n<\/script>\n","thumbnail_url":"https:\/\/notabene.world\/nb\/wp-content\/uploads\/2022\/12\/ir-lub.jpg","thumbnail_width":800,"thumbnail_height":445,"description":"Kilka dni temu znikn\u0105\u0142 z centralnego placu w Lublinie pomnik za\u0142o\u017cyciela i pierwszego rektora Katolickiego Uniwersytetu Lubelskiego w latach 1918-1922 ks. Idziego Radziszewskiego. Pomnik wzniesiony na 100-lecie KULu zaledwie 4 lata temu usuni\u0119to, aby \u201ezrobi\u0107 miejsce\u201d dla monumentu brata prezesa, prezydenta Lecha Kaczy\u0144skiego, kt\u00f3rego z Lublinem niewiele \u0142\u0105czy\u0142o.   Wiele wi\u0119cej \u0142aczy z Lublinem profesora KULu i ministra edukacji Przemys\u0142awa Czarnka, kt\u00f3ry wydaje si\u0119 by\u0107 wielce niepocieszony podw\u00f3jnym wetem prezydenckim wobec swoich autorskich pr\u00f3b zaprowadzenia centralnie sterowanego zamordyzmu w polskiej o\u015bwiacie. Dobrze, \u017ce prezydent Andrzej Duda wreszcie zrozumia\u0142, \u017ce to jego ostatnia kadencja i tym samym mo\u017ce nieco wybi\u0107 si\u0119 na niepodleg\u0142o\u015b\u0107 i tym samym wydosta\u0107 si\u0119 ze szpon\u00f3w wyimaginowanej wiekszo\u015bci rz\u0105dz\u0105cej. Jak to m\u00f3wi\u0105, lepiej p\u00f3\u017ano ni\u017c wcale."}

Kilka dni temu zniknął z centralnego placu w Lublinie pomnik założyciela i pierwszego rektora Katolickiego Uniwersytetu Lubelskiego w latach 1918-1922 ks. Idziego Radziszewskiego. Pomnik wzniesiony na 100-lecie KULu zaledwie 4 lata temu usunięto, aby „zrobić miejsce” dla monumentu brata prezesa, prezydenta Lecha Kaczyńskiego, którego z Lublinem niewiele łączyło.   Wiele więcej łaczy z Lublinem profesora KULu i ministra edukacji Przemysława Czarnka, który wydaje się być wielce niepocieszony podwójnym wetem prezydenckim wobec swoich autorskich prób zaprowadzenia centralnie sterowanego zamordyzmu w polskiej oświacie. Dobrze, że prezydent Andrzej Duda wreszcie zrozumiał, że to jego ostatnia kadencja i tym samym może nieco wybić się na niepodległość i tym samym wydostać się ze szponów wyimaginowanej wiekszości rządzącej. Jak to mówią, lepiej późno niż wcale.
