{"version":"1.0","provider_name":"NOTABENE.WORLD","provider_url":"https:\/\/notabene.world\/nb","author_name":"Ernest Nosek","author_url":"https:\/\/notabene.world\/nb\/author\/e-no\/","title":"Budzenie Sienkiewki 2022 - Kielce jak Amsterdam - NOTABENE.WORLD","type":"rich","width":600,"height":338,"html":"<blockquote class=\"wp-embedded-content\" data-secret=\"ov9xkrAyS4\"><a href=\"https:\/\/notabene.world\/nb\/budzenie-sienkiewki-2022-kielce-jak-amsterdam\/\">Budzenie Sienkiewki 2022 &#8211; Kielce jak Amsterdam<\/a><\/blockquote><iframe sandbox=\"allow-scripts\" security=\"restricted\" src=\"https:\/\/notabene.world\/nb\/budzenie-sienkiewki-2022-kielce-jak-amsterdam\/embed\/#?secret=ov9xkrAyS4\" width=\"600\" height=\"338\" title=\"&#8222;Budzenie Sienkiewki 2022 &#8211; Kielce jak Amsterdam&#8221; &#8212; NOTABENE.WORLD\" data-secret=\"ov9xkrAyS4\" frameborder=\"0\" marginwidth=\"0\" marginheight=\"0\" scrolling=\"no\" class=\"wp-embedded-content\"><\/iframe><script type=\"text\/javascript\">\n\/* <![CDATA[ *\/\n\/*! This file is auto-generated *\/\n!function(d,l){\"use strict\";l.querySelector&&d.addEventListener&&\"undefined\"!=typeof URL&&(d.wp=d.wp||{},d.wp.receiveEmbedMessage||(d.wp.receiveEmbedMessage=function(e){var t=e.data;if((t||t.secret||t.message||t.value)&&!\/[^a-zA-Z0-9]\/.test(t.secret)){for(var s,r,n,a=l.querySelectorAll('iframe[data-secret=\"'+t.secret+'\"]'),o=l.querySelectorAll('blockquote[data-secret=\"'+t.secret+'\"]'),c=new RegExp(\"^https?:$\",\"i\"),i=0;i<o.length;i++)o[i].style.display=\"none\";for(i=0;i<a.length;i++)s=a[i],e.source===s.contentWindow&&(s.removeAttribute(\"style\"),\"height\"===t.message?(1e3<(r=parseInt(t.value,10))?r=1e3:~~r<200&&(r=200),s.height=r):\"link\"===t.message&&(r=new URL(s.getAttribute(\"src\")),n=new URL(t.value),c.test(n.protocol))&&n.host===r.host&&l.activeElement===s&&(d.top.location.href=t.value))}},d.addEventListener(\"message\",d.wp.receiveEmbedMessage,!1),l.addEventListener(\"DOMContentLoaded\",function(){for(var e,t,s=l.querySelectorAll(\"iframe.wp-embedded-content\"),r=0;r<s.length;r++)(t=(e=s[r]).getAttribute(\"data-secret\"))||(t=Math.random().toString(36).substring(2,12),e.src+=\"#?secret=\"+t,e.setAttribute(\"data-secret\",t)),e.contentWindow.postMessage({message:\"ready\",secret:t},\"*\")},!1)))}(window,document);\n\/\/# sourceURL=https:\/\/notabene.world\/nb\/wp-includes\/js\/wp-embed.min.js\n\/* ]]> *\/\n<\/script>\n","thumbnail_url":"https:\/\/notabene.world\/nb\/wp-content\/uploads\/2022\/06\/628cee7bd4c4e_o_xlarge_copy_800x455.jpg","thumbnail_width":800,"thumbnail_height":455,"description":"Budzenie Sienkiewki na sta\u0142e wpisa\u0142o si\u0119 w kielecki kalendarz imprez. Tegoroczna czternasta edycja podobnie jak poprzednie, trwa\u0142a w dniach 27 maja - 5 czerwca. W tym roku odby\u0142 si\u0119 pe\u0142en rozmaitych atrakcji, t\u0119tni\u0105cy \u017cyciem event, kt\u00f3ry na d\u0142ugo pozostanie kielczanom w pami\u0119ci. Dzi\u0119ki M\u0142odzie\u017cowej Radzie Miasta Kielce bie\u017c\u0105ca edycja Budzenia Sienkiewki zosta\u0142a uatrakcyjniona w\u0142asnor\u0119cznie udekorowanymi rowerami w Kieleckiej Zaczarowanej Galerii, kt\u00f3re stoj\u0105 po dzie\u0144 dzisiejszy na Rynku, na ulicy Sienkiewicza, placu Literat\u00f3w, placu Artyst\u00f3w. M\u0142odzie\u017cowa Rada Miasta zach\u0119ci\u0142a do dzia\u0142ania Echo Dnia, Hotel Binkowski i Baseny Tropikalne. W dalszym ci\u0105gu ka\u017cdy mo\u017ce udekorowa\u0107 sw\u00f3j rower i ustawi\u0107 go w centrum miasta. 26 maja, w kamienicy na rogu ulic Ma\u0142ej i Sienkiewicza odby\u0142 si\u0119 wernisa\u017c prac dyplomowych uczni\u00f3w Zespo\u0142u Szk\u00f3\u0142 Plastycznych w Kielcach. Zainteresowani mogli ogl\u0105da\u0107 zachwycaj\u0105ce rze\u017aby, obrazy i gobeliny. Wsp\u00f3lne chwile przy zwiedzaniu atmosfer\u0119 dope\u0142ni\u0142 koncert skrzypcowy Mai Michalskiej."}

Budzenie Sienkiewki na stałe wpisało się w kielecki kalendarz imprez. Tegoroczna czternasta edycja podobnie jak poprzednie, trwała w dniach 27 maja - 5 czerwca. W tym roku odbył się pełen rozmaitych atrakcji, tętniący życiem event, który na długo pozostanie kielczanom w pamięci. Dzięki Młodzieżowej Radzie Miasta Kielce bieżąca edycja Budzenia Sienkiewki została uatrakcyjniona własnoręcznie udekorowanymi rowerami w Kieleckiej Zaczarowanej Galerii, które stoją po dzień dzisiejszy na Rynku, na ulicy Sienkiewicza, placu Literatów, placu Artystów. Młodzieżowa Rada Miasta zachęciła do działania Echo Dnia, Hotel Binkowski i Baseny Tropikalne. W dalszym ciągu każdy może udekorować swój rower i ustawić go w centrum miasta. 26 maja, w kamienicy na rogu ulic Małej i Sienkiewicza odbył się wernisaż prac dyplomowych uczniów Zespołu Szkół Plastycznych w Kielcach. Zainteresowani mogli oglądać zachwycające rzeźby, obrazy i gobeliny. Wspólne chwile przy zwiedzaniu atmosferę dopełnił koncert skrzypcowy Mai Michalskiej.
