{"version":"1.0","provider_name":"NOTABENE.WORLD","provider_url":"https:\/\/notabene.world\/nb","author_name":"Anna Zieli\u0144ska-Brudek","author_url":"https:\/\/notabene.world\/nb\/author\/anna-zielinska-brudek\/","title":"Chatham-Kielce: Marry, Magda i Ewa - NOTABENE.WORLD","type":"rich","width":600,"height":338,"html":"<blockquote class=\"wp-embedded-content\" data-secret=\"DWtk5N8qG6\"><a href=\"https:\/\/notabene.world\/nb\/chatham-kielce-marry-magda-i-ewa\/\">Chatham-Kielce: Marry, Magda i Ewa<\/a><\/blockquote><iframe sandbox=\"allow-scripts\" security=\"restricted\" src=\"https:\/\/notabene.world\/nb\/chatham-kielce-marry-magda-i-ewa\/embed\/#?secret=DWtk5N8qG6\" width=\"600\" height=\"338\" title=\"&#8222;Chatham-Kielce: Marry, Magda i Ewa&#8221; &#8212; NOTABENE.WORLD\" data-secret=\"DWtk5N8qG6\" frameborder=\"0\" marginwidth=\"0\" marginheight=\"0\" scrolling=\"no\" class=\"wp-embedded-content\"><\/iframe><script type=\"text\/javascript\">\n\/* <![CDATA[ *\/\n\/*! This file is auto-generated *\/\n!function(d,l){\"use strict\";l.querySelector&&d.addEventListener&&\"undefined\"!=typeof URL&&(d.wp=d.wp||{},d.wp.receiveEmbedMessage||(d.wp.receiveEmbedMessage=function(e){var t=e.data;if((t||t.secret||t.message||t.value)&&!\/[^a-zA-Z0-9]\/.test(t.secret)){for(var s,r,n,a=l.querySelectorAll('iframe[data-secret=\"'+t.secret+'\"]'),o=l.querySelectorAll('blockquote[data-secret=\"'+t.secret+'\"]'),c=new RegExp(\"^https?:$\",\"i\"),i=0;i<o.length;i++)o[i].style.display=\"none\";for(i=0;i<a.length;i++)s=a[i],e.source===s.contentWindow&&(s.removeAttribute(\"style\"),\"height\"===t.message?(1e3<(r=parseInt(t.value,10))?r=1e3:~~r<200&&(r=200),s.height=r):\"link\"===t.message&&(r=new URL(s.getAttribute(\"src\")),n=new URL(t.value),c.test(n.protocol))&&n.host===r.host&&l.activeElement===s&&(d.top.location.href=t.value))}},d.addEventListener(\"message\",d.wp.receiveEmbedMessage,!1),l.addEventListener(\"DOMContentLoaded\",function(){for(var e,t,s=l.querySelectorAll(\"iframe.wp-embedded-content\"),r=0;r<s.length;r++)(t=(e=s[r]).getAttribute(\"data-secret\"))||(t=Math.random().toString(36).substring(2,12),e.src+=\"#?secret=\"+t,e.setAttribute(\"data-secret\",t)),e.contentWindow.postMessage({message:\"ready\",secret:t},\"*\")},!1)))}(window,document);\n\/\/# sourceURL=https:\/\/notabene.world\/nb\/wp-includes\/js\/wp-embed.min.js\n\/* ]]> *\/\n<\/script>\n","thumbnail_url":"https:\/\/notabene.world\/nb\/wp-content\/uploads\/2026\/01\/ckmme1.gif","thumbnail_width":800,"thumbnail_height":445,"description":"Kiedy czeka\u0142am na koniec pracy m\u0119\u017ca, uwag\u0119 moj\u0105 zwraca\u0142a\u00a0 jak gdyby przeniesiona z\u00a0 horroru przera\u017aliwie chuda, kobieca posta\u0107 z nogami owini\u0119tymi grubym banda\u017cem, stoj\u0105ca przy ta\u015bmie z ruchami jakby w zwolnionym tempie, za to wci\u0105\u017c rozprawiaj\u0105ca po angielsku bez wzgl\u0119du czy kto\u015b\u00a0 s\u0142ucha\u0142 czy nie jej ci\u0105g\u0142ego gderania\u2026  Spyta\u0142am m\u0119\u017ca - co to za zjawisko? To Marry! Ponad osiemdziesi\u0119cioletnia kobieta, kt\u00f3ra w pralni pracowa\u0142a od lat czterdziestych tj. momentu za\u0142o\u017cenia fabryki. Czy nie ma z czego \u017cy\u0107 ? Musi pracowa\u0107? Przecie\u017c system socjalny dawa\u0142 godziwe warunki egzystencji emerytom! -Nie, odpowiedzia\u0142 m\u0105\u017c, nie musi! To przywilej jaki otrzyma\u0142a Marry od w\u0142a\u015bcicieli i manager\u00f3w zak\u0142adu. Ma prawo przychodzi\u0107 i sta\u0107 przy ta\u015bmie w miejscu gdzie\u00a0 sp\u0119dzi\u0142a ponad 50 lat swojego \u017cycia! Dziwne zwyczaje \u00a0w kapitalizmie, w kt\u00f3rym rzekomo\u00a0 panowa\u0142\u00a0 wyzysk i brak szacunku dla pracowniczych przywilej\u00f3w, pomy\u015bla\u0142am Przecie\u017c tak wbijano do g\u0142owy mnie i mojemu pokoleniu.. Min\u0119\u0142o 24 lata od widoku Marry i nie s\u0105dzi\u0142am, \u017ce kiedykolwiek jej posta\u0107 stanie mi przed oczyma, a jednak dzisiejsza debata dotycz\u0105ca red. Magdaleny Smo\u017cewskiej-W\u00f3jcikiewicz oraz red. Ewy Oko\u0144skiej przywo\u0142uje obraz osoby, kt\u00f3ra ca\u0142e swoje \u017cycie po\u015bwi\u0119ci\u0142a jednemu miejscu,\u00a0 a prawa do niego nie o\u015bmieli\u0142 si\u0119 jej zabra\u0107 ani kapitalistyczny wyzysk, ani ekonomiczny rachunek i\u00a0 nieub\u0142agana staro\u015b\u0107, kt\u00f3ra naznaczy\u0142a j\u0105 mocnym pi\u0119tnem! Dedykuj\u0119 to wspomnienie, odpowiedzialnym za wszystkie\u00a0 podejmowane decyzje w Radio Kielce. Te, kt\u00f3re nie mieszcz\u0105 si\u0119 w katalogu zysku tak\u017ce\u2026"}

Anna Zielińska-Brudek

Kiedy czekałam na koniec pracy męża, uwagę moją zwracała  jak gdyby przeniesiona z  horroru przeraźliwie chuda, kobieca postać z nogami owiniętymi grubym bandażem, stojąca przy taśmie z ruchami jakby w zwolnionym tempie, za to wciąż rozprawiająca po angielsku bez względu czy ktoś  słuchał czy nie jej ciągłego gderania…  Spytałam męża - co to za zjawisko? To Marry! Ponad osiemdziesięcioletnia kobieta, która w pralni pracowała od lat czterdziestych tj. momentu założenia fabryki. Czy nie ma z czego żyć ? Musi pracować? Przecież system socjalny dawał godziwe warunki egzystencji emerytom! -Nie, odpowiedział mąż, nie musi! To przywilej jaki otrzymała Marry od właścicieli i managerów zakładu. Ma prawo przychodzić i stać przy taśmie w miejscu gdzie  spędziła ponad 50 lat swojego życia! Dziwne zwyczaje  w kapitalizmie, w którym rzekomo  panował  wyzysk i brak szacunku dla pracowniczych przywilejów, pomyślałam Przecież tak wbijano do głowy mnie i mojemu pokoleniu.. Minęło 24 lata od widoku Marry i nie sądziłam, że kiedykolwiek jej postać stanie mi przed oczyma, a jednak dzisiejsza debata dotycząca red. Magdaleny Smożewskiej-Wójcikiewicz oraz red. Ewy Okońskiej przywołuje obraz osoby, która całe swoje życie poświęciła jednemu miejscu,  a prawa do niego nie ośmielił się jej zabrać ani kapitalistyczny wyzysk, ani ekonomiczny rachunek i  nieubłagana starość, która naznaczyła ją mocnym piętnem! Dedykuję to wspomnienie, odpowiedzialnym za wszystkie  podejmowane decyzje w Radio Kielce. Te, które nie mieszczą się w katalogu zysku także…
