{"version":"1.0","provider_name":"NOTABENE.WORLD","provider_url":"https:\/\/notabene.world\/nb","author_name":"Martyna Cieplak-Januchta","author_url":"https:\/\/notabene.world\/nb\/author\/ma-ce\/","title":"Gustaw Herling-Grudzi\u0144ski jako kronikarz i \u015bwiadek historii - NOTABENE.WORLD","type":"rich","width":600,"height":338,"html":"<blockquote class=\"wp-embedded-content\" data-secret=\"cpe5vok32G\"><a href=\"https:\/\/notabene.world\/nb\/gustaw-herling-grudzinski-jako-kronikarz-i-swiadek-historii\/\">Gustaw Herling-Grudzi\u0144ski jako kronikarz i \u015bwiadek historii<\/a><\/blockquote><iframe sandbox=\"allow-scripts\" security=\"restricted\" src=\"https:\/\/notabene.world\/nb\/gustaw-herling-grudzinski-jako-kronikarz-i-swiadek-historii\/embed\/#?secret=cpe5vok32G\" width=\"600\" height=\"338\" title=\"&#8222;Gustaw Herling-Grudzi\u0144ski jako kronikarz i \u015bwiadek historii&#8221; &#8212; NOTABENE.WORLD\" data-secret=\"cpe5vok32G\" frameborder=\"0\" marginwidth=\"0\" marginheight=\"0\" scrolling=\"no\" class=\"wp-embedded-content\"><\/iframe><script type=\"text\/javascript\">\n\/* <![CDATA[ *\/\n\/*! This file is auto-generated *\/\n!function(d,l){\"use strict\";l.querySelector&&d.addEventListener&&\"undefined\"!=typeof URL&&(d.wp=d.wp||{},d.wp.receiveEmbedMessage||(d.wp.receiveEmbedMessage=function(e){var t=e.data;if((t||t.secret||t.message||t.value)&&!\/[^a-zA-Z0-9]\/.test(t.secret)){for(var s,r,n,a=l.querySelectorAll('iframe[data-secret=\"'+t.secret+'\"]'),o=l.querySelectorAll('blockquote[data-secret=\"'+t.secret+'\"]'),c=new RegExp(\"^https?:$\",\"i\"),i=0;i<o.length;i++)o[i].style.display=\"none\";for(i=0;i<a.length;i++)s=a[i],e.source===s.contentWindow&&(s.removeAttribute(\"style\"),\"height\"===t.message?(1e3<(r=parseInt(t.value,10))?r=1e3:~~r<200&&(r=200),s.height=r):\"link\"===t.message&&(r=new URL(s.getAttribute(\"src\")),n=new URL(t.value),c.test(n.protocol))&&n.host===r.host&&l.activeElement===s&&(d.top.location.href=t.value))}},d.addEventListener(\"message\",d.wp.receiveEmbedMessage,!1),l.addEventListener(\"DOMContentLoaded\",function(){for(var e,t,s=l.querySelectorAll(\"iframe.wp-embedded-content\"),r=0;r<s.length;r++)(t=(e=s[r]).getAttribute(\"data-secret\"))||(t=Math.random().toString(36).substring(2,12),e.src+=\"#?secret=\"+t,e.setAttribute(\"data-secret\",t)),e.contentWindow.postMessage({message:\"ready\",secret:t},\"*\")},!1)))}(window,document);\n\/\/# sourceURL=https:\/\/notabene.world\/nb\/wp-includes\/js\/wp-embed.min.js\n\/* ]]> *\/\n<\/script>\n","thumbnail_url":"https:\/\/notabene.world\/nb\/wp-content\/uploads\/2024\/01\/book-436508_1280.jpg","thumbnail_width":1280,"thumbnail_height":853,"description":"Gustaw Herling-Grudzi\u0144ski \u2013 nazwisko kojarz\u0105ce si\u0119 z literatur\u0105 i odwag\u0105 moraln\u0105 \u2013 jest jednym z najwa\u017cniejszych polskich pisarzy XX wieku. Urodzony 20 maja 1919 roku w Kielcach, jego \u017cycie i tw\u00f3rczo\u015b\u0107 s\u0105 nierozerwalnie zwi\u0105zane z burzliwymi wydarzeniami II wojny \u015bwiatowej i p\u00f3\u017aniejszym krajobrazem spo\u0142eczno-politycznym. Jako pisarz, eseista i \u015bwiadek okrutnych dziej\u00f3w, Herling-Grudzi\u0144ski pozostawi\u0142 niezatarty \u015blad w literaturze i \u015bwiadomo\u015bci ludzkiej. Najbardziej znanym dzie\u0142em Herlinga-Grudzi\u0144skiego jest niew\u0105tpliwie \u201eInny \u015awiat\u201d \u2013 wspomnienia opisuj\u0105ce jego wstrz\u0105saj\u0105ce do\u015bwiadczenia jako wi\u0119\u017ania politycznego w sowieckich \u0142agrach. Aresztowany w 1940 roku przez NKWD, Herling-Grudzi\u0144ski sp\u0119dzi\u0142 dwa lata na okrytym z\u0142\u0105 s\u0142aw\u0105 Archipelagu Gu\u0142ag. Jego barwna i niezachwiana narracja obna\u017cy\u0142a brutalno\u015b\u0107 i dehumanizacj\u0119 nieod\u0142\u0105cznie zwi\u0105zan\u0105 z sowieckim systemem oboz\u00f3w pracy, dostarczaj\u0105c mro\u017c\u0105cej krew w \u017cy\u0142ach relacji z pierwszej r\u0119ki o odporno\u015bci ludzkiego ducha w obliczu ekstremalnych przeciwno\u015bci losu. Opr\u00f3cz opowiadania o w\u0142asnych cierpieniach, tw\u00f3rczo\u015b\u0107 literacka Herlinga-Grudzi\u0144skiego si\u0119ga tak\u017ce g\u0142\u0119bokich w\u0105tk\u00f3w egzystencjalnych i humanistycznych. Jego pisma badaj\u0105 z\u0142o\u017cono\u015b\u0107 kondycji ludzkiej, walki o wolno\u015b\u0107 i dylemat\u00f3w moralnych nieod\u0142\u0105cznie zwi\u0105zanych z opresyjnymi re\u017cimami. W utworach takich jak \u201eWyspa\u201d mierzy si\u0119 z kwestiami moralno\u015bci, izolacji i poszukiwania sensu w \u015bwiecie naznaczonym totalitaryzmem."}

Gustaw Herling-Grudziński jako kronikarz i świadek historii - NOTABENE.WORLD

<blockquote class="wp-embedded-content" data-secret="cpe5vok32G"><a href="https://notabene.world/nb/gustaw-herling-grudzinski-jako-kronikarz-i-swiadek-historii/">Gustaw Herling-Grudziński jako kronikarz i świadek historii</a></blockquote><iframe sandbox="allow-scripts" security="restricted" src="https://notabene.world/nb/gustaw-herling-grudzinski-jako-kronikarz-i-swiadek-historii/embed/#?secret=cpe5vok32G" width="600" height="338" title="&#8222;Gustaw Herling-Grudziński jako kronikarz i świadek historii&#8221; &#8212; NOTABENE.WORLD" data-secret="cpe5vok32G" frameborder="0" marginwidth="0" marginheight="0" scrolling="no" class="wp-embedded-content"></iframe><script type="text/javascript">
/* <![CDATA[ */
/*! This file is auto-generated */
!function(d,l){"use strict";l.querySelector&&d.addEventListener&&"undefined"!=typeof URL&&(d.wp=d.wp||{},d.wp.receiveEmbedMessage||(d.wp.receiveEmbedMessage=function(e){var t=e.data;if((t||t.secret||t.message||t.value)&&!/[^a-zA-Z0-9]/.test(t.secret)){for(var s,r,n,a=l.querySelectorAll('iframe[data-secret="'+t.secret+'"]'),o=l.querySelectorAll('blockquote[data-secret="'+t.secret+'"]'),c=new RegExp("^https?:$","i"),i=0;i<o.length;i++)o[i].style.display="none";for(i=0;i<a.length;i++)s=a[i],e.source===s.contentWindow&&(s.removeAttribute("style"),"height"===t.message?(1e3<(r=parseInt(t.value,10))?r=1e3:~~r<200&&(r=200),s.height=r):"link"===t.message&&(r=new URL(s.getAttribute("src")),n=new URL(t.value),c.test(n.protocol))&&n.host===r.host&&l.activeElement===s&&(d.top.location.href=t.value))}},d.addEventListener("message",d.wp.receiveEmbedMessage,!1),l.addEventListener("DOMContentLoaded",function(){for(var e,t,s=l.querySelectorAll("iframe.wp-embedded-content"),r=0;r<s.length;r++)(t=(e=s[r]).getAttribute("data-secret"))||(t=Math.random().toString(36).substring(2,12),e.src+="#?secret="+t,e.setAttribute("data-secret",t)),e.contentWindow.postMessage({message:"ready",secret:t},"*")},!1)))}(window,document);
//# sourceURL=https://notabene.world/nb/wp-includes/js/wp-embed.min.js
/* ]]> */
</script>

Gustaw Herling-Grudziński – nazwisko kojarzące się z literaturą i odwagą moralną – jest jednym z najważniejszych polskich pisarzy XX wieku. Urodzony 20 maja 1919 roku w Kielcach, jego życie i twórczość są nierozerwalnie związane z burzliwymi wydarzeniami II wojny światowej i późniejszym krajobrazem społeczno-politycznym. Jako pisarz, eseista i świadek okrutnych dziejów, Herling-Grudziński pozostawił niezatarty ślad w literaturze i świadomości ludzkiej. Najbardziej znanym dziełem Herlinga-Grudzińskiego jest niewątpliwie „Inny Świat” – wspomnienia opisujące jego wstrząsające doświadczenia jako więźnia politycznego w sowieckich łagrach. Aresztowany w 1940 roku przez NKWD, Herling-Grudziński spędził dwa lata na okrytym złą sławą Archipelagu Gułag. Jego barwna i niezachwiana narracja obnażyła brutalność i dehumanizację nieodłącznie związaną z sowieckim systemem obozów pracy, dostarczając mrożącej krew w żyłach relacji z pierwszej ręki o odporności ludzkiego ducha w obliczu ekstremalnych przeciwności losu. Oprócz opowiadania o własnych cierpieniach, twórczość literacka Herlinga-Grudzińskiego sięga także głębokich wątków egzystencjalnych i humanistycznych. Jego pisma badają złożoność kondycji ludzkiej, walki o wolność i dylematów moralnych nieodłącznie związanych z opresyjnymi reżimami. W utworach takich jak „Wyspa” mierzy się z kwestiami moralności, izolacji i poszukiwania sensu w świecie naznaczonym totalitaryzmem.
