{"version":"1.0","provider_name":"NOTABENE.WORLD","provider_url":"https:\/\/notabene.world\/nb","author_name":"Waldemar Pac\u0142awski","author_url":"https:\/\/notabene.world\/nb\/author\/wal-j-pac\/","title":"Hej, rycerze: po nas tarcza i popi\u00f3\u0142 - NOTABENE.WORLD","type":"rich","width":600,"height":338,"html":"<blockquote class=\"wp-embedded-content\" data-secret=\"ITsNtsryRY\"><a href=\"https:\/\/notabene.world\/nb\/hej-rycerze-po-nas-tarcza-i-popiol\/\">Hej, rycerze: po nas tarcza i popi\u00f3\u0142<\/a><\/blockquote><iframe sandbox=\"allow-scripts\" security=\"restricted\" src=\"https:\/\/notabene.world\/nb\/hej-rycerze-po-nas-tarcza-i-popiol\/embed\/#?secret=ITsNtsryRY\" width=\"600\" height=\"338\" title=\"&#8222;Hej, rycerze: po nas tarcza i popi\u00f3\u0142&#8221; &#8212; NOTABENE.WORLD\" data-secret=\"ITsNtsryRY\" frameborder=\"0\" marginwidth=\"0\" marginheight=\"0\" scrolling=\"no\" class=\"wp-embedded-content\"><\/iframe><script type=\"text\/javascript\">\n\/* <![CDATA[ *\/\n\/*! This file is auto-generated *\/\n!function(d,l){\"use strict\";l.querySelector&&d.addEventListener&&\"undefined\"!=typeof URL&&(d.wp=d.wp||{},d.wp.receiveEmbedMessage||(d.wp.receiveEmbedMessage=function(e){var t=e.data;if((t||t.secret||t.message||t.value)&&!\/[^a-zA-Z0-9]\/.test(t.secret)){for(var s,r,n,a=l.querySelectorAll('iframe[data-secret=\"'+t.secret+'\"]'),o=l.querySelectorAll('blockquote[data-secret=\"'+t.secret+'\"]'),c=new RegExp(\"^https?:$\",\"i\"),i=0;i<o.length;i++)o[i].style.display=\"none\";for(i=0;i<a.length;i++)s=a[i],e.source===s.contentWindow&&(s.removeAttribute(\"style\"),\"height\"===t.message?(1e3<(r=parseInt(t.value,10))?r=1e3:~~r<200&&(r=200),s.height=r):\"link\"===t.message&&(r=new URL(s.getAttribute(\"src\")),n=new URL(t.value),c.test(n.protocol))&&n.host===r.host&&l.activeElement===s&&(d.top.location.href=t.value))}},d.addEventListener(\"message\",d.wp.receiveEmbedMessage,!1),l.addEventListener(\"DOMContentLoaded\",function(){for(var e,t,s=l.querySelectorAll(\"iframe.wp-embedded-content\"),r=0;r<s.length;r++)(t=(e=s[r]).getAttribute(\"data-secret\"))||(t=Math.random().toString(36).substring(2,12),e.src+=\"#?secret=\"+t,e.setAttribute(\"data-secret\",t)),e.contentWindow.postMessage({message:\"ready\",secret:t},\"*\")},!1)))}(window,document);\n\/\/# sourceURL=https:\/\/notabene.world\/nb\/wp-includes\/js\/wp-embed.min.js\n\/* ]]> *\/\n<\/script>\n","thumbnail_url":"https:\/\/notabene.world\/nb\/wp-content\/uploads\/2025\/09\/nb1995gray-1.jpg","thumbnail_width":800,"thumbnail_height":445,"description":"Trzydzie\u015bci lat temu, w kr\u00f3tkiej notce pt. Zjazd rycerzy do tarczy, pisa\u0142em o zje\u017adzie absolwent\u00f3w jako rytuale zbiorowego powrotu pod sztandar wsp\u00f3lnoty. Szko\u0142a by\u0142a jeszcze realna \u2013 bez trudu odtwarzali\u015bmy topografi\u0119 szko\u0142y, grymasy twarzy i niuanse zachowa\u0144 \u017cyj\u0105cych w komplecie niedawnych naszych wychowawc\u00f3w, oraz mit za\u0142o\u017cycielski grupy koleg\u00f3w, kt\u00f3rych da\u0142o si\u0119 przywo\u0142a\u0107 bezb\u0142\u0119dnie recytuj\u0105c imiona i nazwiska. Dzi\u015b wiele z tego si\u0119 rozmy\u0142o, a reunion przeszed\u0142 transformacj\u0119 \u2013 tak\u017ce w do\u015bwiadczeniu p\u00f3\u017anych boomers\u00f3w, ale w spos\u00f3b szczeg\u00f3lny r\u00f3wnie\u017c dla pokolenia X. Gdy tworzyli\u015bmy NOTABENE w latach 80., byli\u015bmy rodem z analogowego \u015bwiata PRL-u. Dojrzewali\u015bmy w eksplozywnych, szalonych latach 90.: wszystko wtedy by\u0142o mo\u017cliwe \u2013 i wszystko mo\u017cna by\u0142o straci\u0107. Jeste\u015bmy niekiedy wspomnieniem siebie jako pasjonat\u00f3w, dyskutant\u00f3w, u\u017cytkownik\u00f3w pierwszych komputer\u00f3w i posiadaczy dost\u0119pu do fotokopiarki, dost\u0119pu na wag\u0119 z\u0142ota. Dzi\u015b, w 2025 roku, nasze biografie to zbiory nieregularne: nikt ju\u017c nie wierzy w jedn\u0105 wsp\u00f3ln\u0105 narracj\u0119. Pracowali\u015bmy w urz\u0119dach, korporacjach, inni w NGO-sach, niekt\u00f3rzy przeszli przez emigracj\u0119, rozwody, transformacje duchowe lub zawodowe. W tym sensie jako pokolenie jeste\u015bmy emocjonalnie \u2026zdecentralizowani.  \u0141\u0105czy nas przede wszystkim g\u0142\u0119boka pami\u0119\u0107 o tym, jak wygl\u0105da\u0142a rzeczywisto\u015b\u0107 przed sieci\u0105."}

Waldemar Pacławski

Hej, rycerze: po nas tarcza i popiół - NOTABENE.WORLD

<blockquote class="wp-embedded-content" data-secret="ITsNtsryRY"><a href="https://notabene.world/nb/hej-rycerze-po-nas-tarcza-i-popiol/">Hej, rycerze: po nas tarcza i popiół</a></blockquote><iframe sandbox="allow-scripts" security="restricted" src="https://notabene.world/nb/hej-rycerze-po-nas-tarcza-i-popiol/embed/#?secret=ITsNtsryRY" width="600" height="338" title="&#8222;Hej, rycerze: po nas tarcza i popiół&#8221; &#8212; NOTABENE.WORLD" data-secret="ITsNtsryRY" frameborder="0" marginwidth="0" marginheight="0" scrolling="no" class="wp-embedded-content"></iframe><script type="text/javascript">
/* <![CDATA[ */
/*! This file is auto-generated */
!function(d,l){"use strict";l.querySelector&&d.addEventListener&&"undefined"!=typeof URL&&(d.wp=d.wp||{},d.wp.receiveEmbedMessage||(d.wp.receiveEmbedMessage=function(e){var t=e.data;if((t||t.secret||t.message||t.value)&&!/[^a-zA-Z0-9]/.test(t.secret)){for(var s,r,n,a=l.querySelectorAll('iframe[data-secret="'+t.secret+'"]'),o=l.querySelectorAll('blockquote[data-secret="'+t.secret+'"]'),c=new RegExp("^https?:$","i"),i=0;i<o.length;i++)o[i].style.display="none";for(i=0;i<a.length;i++)s=a[i],e.source===s.contentWindow&&(s.removeAttribute("style"),"height"===t.message?(1e3<(r=parseInt(t.value,10))?r=1e3:~~r<200&&(r=200),s.height=r):"link"===t.message&&(r=new URL(s.getAttribute("src")),n=new URL(t.value),c.test(n.protocol))&&n.host===r.host&&l.activeElement===s&&(d.top.location.href=t.value))}},d.addEventListener("message",d.wp.receiveEmbedMessage,!1),l.addEventListener("DOMContentLoaded",function(){for(var e,t,s=l.querySelectorAll("iframe.wp-embedded-content"),r=0;r<s.length;r++)(t=(e=s[r]).getAttribute("data-secret"))||(t=Math.random().toString(36).substring(2,12),e.src+="#?secret="+t,e.setAttribute("data-secret",t)),e.contentWindow.postMessage({message:"ready",secret:t},"*")},!1)))}(window,document);
//# sourceURL=https://notabene.world/nb/wp-includes/js/wp-embed.min.js
/* ]]> */
</script>

Trzydzieści lat temu, w krótkiej notce pt. Zjazd rycerzy do tarczy, pisałem o zjeździe absolwentów jako rytuale zbiorowego powrotu pod sztandar wspólnoty. Szkoła była jeszcze realna – bez trudu odtwarzaliśmy topografię szkoły, grymasy twarzy i niuanse zachowań żyjących w komplecie niedawnych naszych wychowawców, oraz mit założycielski grupy kolegów, których dało się przywołać bezbłędnie recytując imiona i nazwiska. Dziś wiele z tego się rozmyło, a reunion przeszedł transformację – także w doświadczeniu późnych boomersów, ale w sposób szczególny również dla pokolenia X. Gdy tworzyliśmy NOTABENE w latach 80., byliśmy rodem z analogowego świata PRL-u. Dojrzewaliśmy w eksplozywnych, szalonych latach 90.: wszystko wtedy było możliwe – i wszystko można było stracić. Jesteśmy niekiedy wspomnieniem siebie jako pasjonatów, dyskutantów, użytkowników pierwszych komputerów i posiadaczy dostępu do fotokopiarki, dostępu na wagę złota. Dziś, w 2025 roku, nasze biografie to zbiory nieregularne: nikt już nie wierzy w jedną wspólną narrację. Pracowaliśmy w urzędach, korporacjach, inni w NGO-sach, niektórzy przeszli przez emigrację, rozwody, transformacje duchowe lub zawodowe. W tym sensie jako pokolenie jesteśmy emocjonalnie …zdecentralizowani.  Łączy nas przede wszystkim głęboka pamięć o tym, jak wyglądała rzeczywistość przed siecią.
