{"version":"1.0","provider_name":"NOTABENE.WORLD","provider_url":"https:\/\/notabene.world\/nb","author_name":"C vel K","author_url":"https:\/\/notabene.world\/nb\/author\/kcedro\/","title":"Na antypodach - NOTABENE.WORLD","type":"rich","width":600,"height":338,"html":"<blockquote class=\"wp-embedded-content\" data-secret=\"dxf1PlKHix\"><a href=\"https:\/\/notabene.world\/nb\/na-antypodach\/\">Na antypodach<\/a><\/blockquote><iframe sandbox=\"allow-scripts\" security=\"restricted\" src=\"https:\/\/notabene.world\/nb\/na-antypodach\/embed\/#?secret=dxf1PlKHix\" width=\"600\" height=\"338\" title=\"&#8222;Na antypodach&#8221; &#8212; NOTABENE.WORLD\" data-secret=\"dxf1PlKHix\" frameborder=\"0\" marginwidth=\"0\" marginheight=\"0\" scrolling=\"no\" class=\"wp-embedded-content\"><\/iframe><script type=\"text\/javascript\">\n\/* <![CDATA[ *\/\n\/*! This file is auto-generated *\/\n!function(d,l){\"use strict\";l.querySelector&&d.addEventListener&&\"undefined\"!=typeof URL&&(d.wp=d.wp||{},d.wp.receiveEmbedMessage||(d.wp.receiveEmbedMessage=function(e){var t=e.data;if((t||t.secret||t.message||t.value)&&!\/[^a-zA-Z0-9]\/.test(t.secret)){for(var s,r,n,a=l.querySelectorAll('iframe[data-secret=\"'+t.secret+'\"]'),o=l.querySelectorAll('blockquote[data-secret=\"'+t.secret+'\"]'),c=new RegExp(\"^https?:$\",\"i\"),i=0;i<o.length;i++)o[i].style.display=\"none\";for(i=0;i<a.length;i++)s=a[i],e.source===s.contentWindow&&(s.removeAttribute(\"style\"),\"height\"===t.message?(1e3<(r=parseInt(t.value,10))?r=1e3:~~r<200&&(r=200),s.height=r):\"link\"===t.message&&(r=new URL(s.getAttribute(\"src\")),n=new URL(t.value),c.test(n.protocol))&&n.host===r.host&&l.activeElement===s&&(d.top.location.href=t.value))}},d.addEventListener(\"message\",d.wp.receiveEmbedMessage,!1),l.addEventListener(\"DOMContentLoaded\",function(){for(var e,t,s=l.querySelectorAll(\"iframe.wp-embedded-content\"),r=0;r<s.length;r++)(t=(e=s[r]).getAttribute(\"data-secret\"))||(t=Math.random().toString(36).substring(2,12),e.src+=\"#?secret=\"+t,e.setAttribute(\"data-secret\",t)),e.contentWindow.postMessage({message:\"ready\",secret:t},\"*\")},!1)))}(window,document);\n\/\/# sourceURL=https:\/\/notabene.world\/nb\/wp-includes\/js\/wp-embed.min.js\n\/* ]]> *\/\n<\/script>\n","thumbnail_url":"https:\/\/notabene.world\/nb\/wp-content\/uploads\/2025\/07\/antyp.jpg","thumbnail_width":800,"thumbnail_height":445,"description":"Cudowny lud \u015bwi\u0119tokrzyski okrutnie boi si\u0119 uchod\u017ac\u00f3w, kt\u00f3rych hordy - niczym barbarzy\u0144cy - pono\u0107 osaczaj\u0105 ju\u017c granice \u015awientostanu. Stoj\u0105 natr\u0119tnie u naszych bram z dzidami, maczetami i czym-tam-chceta. Te\u017c to widzicie? Je\u015bli nie, to sta\u0144cie teraz pos\u0142usznie na g\u0142owie, by empirycznie i antypodycznie zbli\u017cy\u0107 si\u0119 do prawdy. Jak mawia\u0142 ks. Tischner - w naszym \u015bwiecie prawdy som a\u017c trzy: \u015bwiento prawda, tys prawda i g\u00f3wno prawda. Sami zdecydujcie, kt\u00f3ra kategoria prawdy jest wam najbli\u017csza. Kiedy rozum \u015bpi, budz\u0105 si\u0119 demony. XVIII-wieczny hiszpa\u0144ski artysta Francisco Goya, tw\u00f3rca \u201ckapry\u015bnych\u201d satyrycznych miedzioryt\u00f3w z pewno\u015bci\u0105 nie spodziewa\u0142 si\u0119, i\u017c jego o\u015bwieceniowa frywolno\u015b\u0107 nabierze z czasem wymiaru quasi-uniwersalnego. Goya ze strachu przed Inkwizycj\u0105 zniszczy\u0142 znaczn\u0105 cz\u0119\u015b\u0107 swoich prac. Podobno obawia\u0142 si\u0119 demon\u00f3w, kt\u00f3re trwale tkwi\u0105 w ka\u017cdym z nas. Strach ma podobno wielkie oczy, a ja spogl\u0105dam niepewnie na stoj\u0105ca w k\u0105cie wielk\u0105 i ci\u0119\u017ck\u0105 walizk\u0119 w kolorze pomara\u0144czowym, kt\u00f3rej nie mam odwagi otworzy\u0107 ju\u017c od prawie 20 lat. Spakowa\u0142em j\u0105 przed laty w Arabii Saudyjskiej i omijam od tej pory szerokim \u0142ukiem niczym lamp\u0119 Aladyna. Po prostu boj\u0119 si\u0119, oj boj\u0119, tego d\u017cina, kt\u00f3ry m\u00f3g\u0142by ze\u0144 wyskoczy\u0107. By\u0142 kiedy\u015b taki radziecki film Magiczna lampa Aladyna,\u00a0nakr\u0119cony w roku mojego urodzenia\u2026 Lepiej wi\u0119c w\u0142o\u017cy\u0107 czapk\u0119 niewidk\u0119 i i\u015b\u0107 dalej, ni\u017ali mierzy\u0107 si\u0119 z przesz\u0142o\u015bci\u0105 ukryt\u0105 w magicznej walizce. Te\u017c mam swoje traumy i tajemnice, a bo co?"}

Cudowny lud świętokrzyski okrutnie boi się uchodźców, których hordy - niczym barbarzyńcy - ponoć osaczają już granice Świentostanu. Stoją natrętnie u naszych bram z dzidami, maczetami i czym-tam-chceta. Też to widzicie? Jeśli nie, to stańcie teraz posłusznie na głowie, by empirycznie i antypodycznie zbliżyć się do prawdy. Jak mawiał ks. Tischner - w naszym świecie prawdy som aż trzy: świento prawda, tys prawda i gówno prawda. Sami zdecydujcie, która kategoria prawdy jest wam najbliższa. Kiedy rozum śpi, budzą się demony. XVIII-wieczny hiszpański artysta Francisco Goya, twórca “kapryśnych” satyrycznych miedziorytów z pewnością nie spodziewał się, iż jego oświeceniowa frywolność nabierze z czasem wymiaru quasi-uniwersalnego. Goya ze strachu przed Inkwizycją zniszczył znaczną część swoich prac. Podobno obawiał się demonów, które trwale tkwią w każdym z nas. Strach ma podobno wielkie oczy, a ja spoglądam niepewnie na stojąca w kącie wielką i ciężką walizkę w kolorze pomarańczowym, której nie mam odwagi otworzyć już od prawie 20 lat. Spakowałem ją przed laty w Arabii Saudyjskiej i omijam od tej pory szerokim łukiem niczym lampę Aladyna. Po prostu boję się, oj boję, tego dżina, który mógłby zeń wyskoczyć. Był kiedyś taki radziecki film Magiczna lampa Aladyna, nakręcony w roku mojego urodzenia… Lepiej więc włożyć czapkę niewidkę i iść dalej, niźli mierzyć się z przeszłością ukrytą w magicznej walizce. Też mam swoje traumy i tajemnice, a bo co?
