{"version":"1.0","provider_name":"NOTABENE.WORLD","provider_url":"https:\/\/notabene.world\/nb","author_name":"C vel K","author_url":"https:\/\/notabene.world\/nb\/author\/kcedro\/","title":"NOTABENE 1985: Pretekst i kontekst - NOTABENE.WORLD","type":"rich","width":600,"height":338,"html":"<blockquote class=\"wp-embedded-content\" data-secret=\"2WdXyUkqvy\"><a href=\"https:\/\/notabene.world\/nb\/pretekst-i-kontekst-notabene-1985\/\">NOTABENE 1985: Pretekst i kontekst<\/a><\/blockquote><iframe sandbox=\"allow-scripts\" security=\"restricted\" src=\"https:\/\/notabene.world\/nb\/pretekst-i-kontekst-notabene-1985\/embed\/#?secret=2WdXyUkqvy\" width=\"600\" height=\"338\" title=\"&#8222;NOTABENE 1985: Pretekst i kontekst&#8221; &#8212; NOTABENE.WORLD\" data-secret=\"2WdXyUkqvy\" frameborder=\"0\" marginwidth=\"0\" marginheight=\"0\" scrolling=\"no\" class=\"wp-embedded-content\"><\/iframe><script type=\"text\/javascript\">\n\/* <![CDATA[ *\/\n\/*! This file is auto-generated *\/\n!function(d,l){\"use strict\";l.querySelector&&d.addEventListener&&\"undefined\"!=typeof URL&&(d.wp=d.wp||{},d.wp.receiveEmbedMessage||(d.wp.receiveEmbedMessage=function(e){var t=e.data;if((t||t.secret||t.message||t.value)&&!\/[^a-zA-Z0-9]\/.test(t.secret)){for(var s,r,n,a=l.querySelectorAll('iframe[data-secret=\"'+t.secret+'\"]'),o=l.querySelectorAll('blockquote[data-secret=\"'+t.secret+'\"]'),c=new RegExp(\"^https?:$\",\"i\"),i=0;i<o.length;i++)o[i].style.display=\"none\";for(i=0;i<a.length;i++)s=a[i],e.source===s.contentWindow&&(s.removeAttribute(\"style\"),\"height\"===t.message?(1e3<(r=parseInt(t.value,10))?r=1e3:~~r<200&&(r=200),s.height=r):\"link\"===t.message&&(r=new URL(s.getAttribute(\"src\")),n=new URL(t.value),c.test(n.protocol))&&n.host===r.host&&l.activeElement===s&&(d.top.location.href=t.value))}},d.addEventListener(\"message\",d.wp.receiveEmbedMessage,!1),l.addEventListener(\"DOMContentLoaded\",function(){for(var e,t,s=l.querySelectorAll(\"iframe.wp-embedded-content\"),r=0;r<s.length;r++)(t=(e=s[r]).getAttribute(\"data-secret\"))||(t=Math.random().toString(36).substring(2,12),e.src+=\"#?secret=\"+t,e.setAttribute(\"data-secret\",t)),e.contentWindow.postMessage({message:\"ready\",secret:t},\"*\")},!1)))}(window,document);\n\/\/# sourceURL=https:\/\/notabene.world\/nb\/wp-includes\/js\/wp-embed.min.js\n\/* ]]> *\/\n<\/script>\n","thumbnail_url":"https:\/\/notabene.world\/nb\/wp-content\/uploads\/2025\/08\/jcs-alw.jpg","thumbnail_width":800,"thumbnail_height":445,"description":"Nie wiem, czy widz\u0119 wi\u0119cej, wiem, \u017ce widz\u0119 inaczej. Wiem tak\u017ce, \u017ce nie mog\u0119 si\u0119 zgodzi\u0107 z rol\u0105, jak\u0105 chciano by mi wyznaczy\u0107 w tym jakby-wodewilu, kt\u00f3ry dzieje si\u0119 wok\u00f3\u0142, i kt\u00f3ry - mimo i\u017c tyle razy plajtowa\u0142 - wci\u0105\u017c wystawiany jest na nowo i wci\u0105\u017c tak samo: z liryczn\u0105, \u015bpiewan\u0105 ekspozycj\u0105, optymistycznym punktem kulminacyjnym i pozornym happy-end'em nafaszerowanym ob\u0142ud\u0105. Za ka\u017cdym razem przekonuj\u0105 nas, \u017ce to premiera, \u017ce tego jeszcze nie by\u0142o. Ale nie, to nieprawda!... Gardzi si\u0119 m\u0105dr\u0105 maksym\u0105 o tym, \u017ce historia vitae magistra est (historia jest nauczycielk\u0105 \u017cycia); najch\u0119tniej wymazano by j\u0105 z ludzkiej pami\u0119ci. Nie mog\u0119 wi\u0119c zaakceptowa\u0107 roli tzw. milcz\u0105cego ortodoksa. Nie mog\u0119 zaaprobowa\u0107 zdania kogo\u015b, niew\u0105tpliwie m\u0105drego, \u017ce jak milcz\u0105cy, to na pewno ortodoks. Milczenie nie jest oznak\u0105 zgody! W wielu wypadkach milczenie jest po prostu konieczno\u015bci\u0105, rzek\u0142bym nawet - tragiczn\u0105... Ja te\u017c milcz\u0119, bo to, co czytacie teraz, to jest milczenie, to nie krzyk, jeszcze raz powtarzam: to milczenie! W 1983 roku, przebywaj\u0105c w jednej ze stolic europejskich (niestety nie w Warszawie) mia\u0142em sposobno\u015b\u0107 zobaczy\u0107 film (rock-oper\u0119) pt. \"Jesus Christ Superstar\", kt\u00f3ry wstrz\u0105sn\u0105\u0142 by\u0142 mn\u0105 do g\u0142\u0119bi. To niezapomniane wra\u017cenie, jakie zachowa\u0142em w swej duszy do dzi\u015b, zainspirowa\u0142o mnie i sta\u0142o si\u0119 punktem wyj\u015bcia przy tworzeniu koncepcji pisma \"Notabene\"."}

Nie wiem, czy widzę więcej, wiem, że widzę inaczej. Wiem także, że nie mogę się zgodzić z rolą, jaką chciano by mi wyznaczyć w tym jakby-wodewilu, który dzieje się wokół, i który - mimo iż tyle razy plajtował - wciąż wystawiany jest na nowo i wciąż tak samo: z liryczną, śpiewaną ekspozycją, optymistycznym punktem kulminacyjnym i pozornym happy-end'em nafaszerowanym obłudą. Za każdym razem przekonują nas, że to premiera, że tego jeszcze nie było. Ale nie, to nieprawda!... Gardzi się mądrą maksymą o tym, że historia vitae magistra est (historia jest nauczycielką życia); najchętniej wymazano by ją z ludzkiej pamięci. Nie mogę więc zaakceptować roli tzw. milczącego ortodoksa. Nie mogę zaaprobować zdania kogoś, niewątpliwie mądrego, że jak milczący, to na pewno ortodoks. Milczenie nie jest oznaką zgody! W wielu wypadkach milczenie jest po prostu koniecznością, rzekłbym nawet - tragiczną... Ja też milczę, bo to, co czytacie teraz, to jest milczenie, to nie krzyk, jeszcze raz powtarzam: to milczenie! W 1983 roku, przebywając w jednej ze stolic europejskich (niestety nie w Warszawie) miałem sposobność zobaczyć film (rock-operę) pt. "Jesus Christ Superstar", który wstrząsnął był mną do głębi. To niezapomniane wrażenie, jakie zachowałem w swej duszy do dziś, zainspirowało mnie i stało się punktem wyjścia przy tworzeniu koncepcji pisma "Notabene".
