{"version":"1.0","provider_name":"NOTABENE.WORLD","provider_url":"https:\/\/notabene.world\/nb","author_name":"Julian Tarnowski","author_url":"https:\/\/notabene.world\/nb\/author\/julian\/","title":"Ranking najlepszych politycznych \u017cycze\u0144 \u015bwi\u0105tecznych - NOTABENE.WORLD","type":"rich","width":600,"height":338,"html":"<blockquote class=\"wp-embedded-content\" data-secret=\"nbdb6CfYIx\"><a href=\"https:\/\/notabene.world\/nb\/ranking-najlepszych-politycznych-zyczen-swiatecznych\/\">Ranking najlepszych politycznych \u017cycze\u0144 \u015bwi\u0105tecznych<\/a><\/blockquote><iframe sandbox=\"allow-scripts\" security=\"restricted\" src=\"https:\/\/notabene.world\/nb\/ranking-najlepszych-politycznych-zyczen-swiatecznych\/embed\/#?secret=nbdb6CfYIx\" width=\"600\" height=\"338\" title=\"&#8222;Ranking najlepszych politycznych \u017cycze\u0144 \u015bwi\u0105tecznych&#8221; &#8212; NOTABENE.WORLD\" data-secret=\"nbdb6CfYIx\" frameborder=\"0\" marginwidth=\"0\" marginheight=\"0\" scrolling=\"no\" class=\"wp-embedded-content\"><\/iframe><script type=\"text\/javascript\">\n\/* <![CDATA[ *\/\n\/*! This file is auto-generated *\/\n!function(d,l){\"use strict\";l.querySelector&&d.addEventListener&&\"undefined\"!=typeof URL&&(d.wp=d.wp||{},d.wp.receiveEmbedMessage||(d.wp.receiveEmbedMessage=function(e){var t=e.data;if((t||t.secret||t.message||t.value)&&!\/[^a-zA-Z0-9]\/.test(t.secret)){for(var s,r,n,a=l.querySelectorAll('iframe[data-secret=\"'+t.secret+'\"]'),o=l.querySelectorAll('blockquote[data-secret=\"'+t.secret+'\"]'),c=new RegExp(\"^https?:$\",\"i\"),i=0;i<o.length;i++)o[i].style.display=\"none\";for(i=0;i<a.length;i++)s=a[i],e.source===s.contentWindow&&(s.removeAttribute(\"style\"),\"height\"===t.message?(1e3<(r=parseInt(t.value,10))?r=1e3:~~r<200&&(r=200),s.height=r):\"link\"===t.message&&(r=new URL(s.getAttribute(\"src\")),n=new URL(t.value),c.test(n.protocol))&&n.host===r.host&&l.activeElement===s&&(d.top.location.href=t.value))}},d.addEventListener(\"message\",d.wp.receiveEmbedMessage,!1),l.addEventListener(\"DOMContentLoaded\",function(){for(var e,t,s=l.querySelectorAll(\"iframe.wp-embedded-content\"),r=0;r<s.length;r++)(t=(e=s[r]).getAttribute(\"data-secret\"))||(t=Math.random().toString(36).substring(2,12),e.src+=\"#?secret=\"+t,e.setAttribute(\"data-secret\",t)),e.contentWindow.postMessage({message:\"ready\",secret:t},\"*\")},!1)))}(window,document);\n\/\/# sourceURL=https:\/\/notabene.world\/nb\/wp-includes\/js\/wp-embed.min.js\n\/* ]]> *\/\n<\/script>\n","thumbnail_url":"https:\/\/notabene.world\/nb\/wp-content\/uploads\/2023\/12\/xmas.jpg","thumbnail_width":800,"thumbnail_height":445,"description":"\u015awi\u0119ta Bo\u017cego Narodzenia to nie czas na budowanie poparcia; to nie czas na chwalenie si\u0119 sukcesami i obietnice ci\u0119\u017ckiej pracy. Nie s\u0105dzi\u0142em, \u017ce ogl\u0105daj\u0105c \u017cyczenia \u015bwi\u0105teczne publikowane przez oficjalne ministerialne konta, znajd\u0119 jakiekolwiek, kt\u00f3re zawieraj\u0105 w sobie polityk\u0119. Niestety myli\u0142em si\u0119. Zapraszam na ranking najlepszych \u017cycze\u0144 \u015bwi\u0105tecznych sk\u0142adanych przez rz\u0105d. Uwa\u017cam, \u017ce \u017cyczenia \u015bwi\u0105teczne publikowane w formie oficjalnej, powinny by\u0107 zamieszczane w internecie najp\u00f3\u017aniej do wieczora 23 grudnia.\u2002W wigili\u0119 ma\u0142o kto ma czas, by skrolowa\u0107 media spo\u0142eczno\u015bciowe i ws\u0142uchiwa\u0107 si\u0119 w to, co dany polityk ma im do przekazania na nowy rok. Dlatego te\u017c najgorsze \u017cyczenia \u015bwi\u0105teczne to brak \u017cycze\u0144. Gdyby ministerstwo kultury wrzuci\u0142o jakiekolwiek \u017cyczenia, nie wstawia\u0142bym tutaj tego filmiku. Niestety - tutaj \u017cyczenia \u015bwi\u0105teczne s\u0105 po\u0142\u0105czone z zapowiedzi\u0105 usuni\u0119cia \u00f3wczesnego kuratora Ma\u0142opolski - Barbary Nowak. O ile sam fakt usuni\u0119cia jej z tego stanowiska niezwykle mnie cieszy, o tyle mieszanie tego z \u017cyczeniami \u015bwi\u0105tecznymi jest co najmniej problematyczne..."}

Ranking najlepszych politycznych życzeń świątecznych - NOTABENE.WORLD

<blockquote class="wp-embedded-content" data-secret="nbdb6CfYIx"><a href="https://notabene.world/nb/ranking-najlepszych-politycznych-zyczen-swiatecznych/">Ranking najlepszych politycznych życzeń świątecznych</a></blockquote><iframe sandbox="allow-scripts" security="restricted" src="https://notabene.world/nb/ranking-najlepszych-politycznych-zyczen-swiatecznych/embed/#?secret=nbdb6CfYIx" width="600" height="338" title="&#8222;Ranking najlepszych politycznych życzeń świątecznych&#8221; &#8212; NOTABENE.WORLD" data-secret="nbdb6CfYIx" frameborder="0" marginwidth="0" marginheight="0" scrolling="no" class="wp-embedded-content"></iframe><script type="text/javascript">
/* <![CDATA[ */
/*! This file is auto-generated */
!function(d,l){"use strict";l.querySelector&&d.addEventListener&&"undefined"!=typeof URL&&(d.wp=d.wp||{},d.wp.receiveEmbedMessage||(d.wp.receiveEmbedMessage=function(e){var t=e.data;if((t||t.secret||t.message||t.value)&&!/[^a-zA-Z0-9]/.test(t.secret)){for(var s,r,n,a=l.querySelectorAll('iframe[data-secret="'+t.secret+'"]'),o=l.querySelectorAll('blockquote[data-secret="'+t.secret+'"]'),c=new RegExp("^https?:$","i"),i=0;i<o.length;i++)o[i].style.display="none";for(i=0;i<a.length;i++)s=a[i],e.source===s.contentWindow&&(s.removeAttribute("style"),"height"===t.message?(1e3<(r=parseInt(t.value,10))?r=1e3:~~r<200&&(r=200),s.height=r):"link"===t.message&&(r=new URL(s.getAttribute("src")),n=new URL(t.value),c.test(n.protocol))&&n.host===r.host&&l.activeElement===s&&(d.top.location.href=t.value))}},d.addEventListener("message",d.wp.receiveEmbedMessage,!1),l.addEventListener("DOMContentLoaded",function(){for(var e,t,s=l.querySelectorAll("iframe.wp-embedded-content"),r=0;r<s.length;r++)(t=(e=s[r]).getAttribute("data-secret"))||(t=Math.random().toString(36).substring(2,12),e.src+="#?secret="+t,e.setAttribute("data-secret",t)),e.contentWindow.postMessage({message:"ready",secret:t},"*")},!1)))}(window,document);
//# sourceURL=https://notabene.world/nb/wp-includes/js/wp-embed.min.js
/* ]]> */
</script>

Święta Bożego Narodzenia to nie czas na budowanie poparcia; to nie czas na chwalenie się sukcesami i obietnice ciężkiej pracy. Nie sądziłem, że oglądając życzenia świąteczne publikowane przez oficjalne ministerialne konta, znajdę jakiekolwiek, które zawierają w sobie politykę. Niestety myliłem się. Zapraszam na ranking najlepszych życzeń świątecznych składanych przez rząd. Uważam, że życzenia świąteczne publikowane w formie oficjalnej, powinny być zamieszczane w internecie najpóźniej do wieczora 23 grudnia. W wigilię mało kto ma czas, by skrolować media społecznościowe i wsłuchiwać się w to, co dany polityk ma im do przekazania na nowy rok. Dlatego też najgorsze życzenia świąteczne to brak życzeń. Gdyby ministerstwo kultury wrzuciło jakiekolwiek życzenia, nie wstawiałbym tutaj tego filmiku. Niestety - tutaj życzenia świąteczne są połączone z zapowiedzią usunięcia ówczesnego kuratora Małopolski - Barbary Nowak. O ile sam fakt usunięcia jej z tego stanowiska niezwykle mnie cieszy, o tyle mieszanie tego z życzeniami świątecznymi jest co najmniej problematyczne...
