{"version":"1.0","provider_name":"NOTABENE.WORLD","provider_url":"https:\/\/notabene.world\/nb","author_name":"Julian Tarnowski","author_url":"https:\/\/notabene.world\/nb\/author\/julian\/","title":"W 2023 roku wstyd s\u0142ucha\u0107 polskiego rapu - NOTABENE.WORLD","type":"rich","width":600,"height":338,"html":"<blockquote class=\"wp-embedded-content\" data-secret=\"1Nk5mnn1B9\"><a href=\"https:\/\/notabene.world\/nb\/w-2023-roku-wstyd-sluchac-polskiego-rapu-2\/\">W 2023 roku wstyd s\u0142ucha\u0107 polskiego rapu<\/a><\/blockquote><iframe sandbox=\"allow-scripts\" security=\"restricted\" src=\"https:\/\/notabene.world\/nb\/w-2023-roku-wstyd-sluchac-polskiego-rapu-2\/embed\/#?secret=1Nk5mnn1B9\" width=\"600\" height=\"338\" title=\"&#8222;W 2023 roku wstyd s\u0142ucha\u0107 polskiego rapu&#8221; &#8212; NOTABENE.WORLD\" data-secret=\"1Nk5mnn1B9\" frameborder=\"0\" marginwidth=\"0\" marginheight=\"0\" scrolling=\"no\" class=\"wp-embedded-content\"><\/iframe><script type=\"text\/javascript\">\n\/* <![CDATA[ *\/\n\/*! This file is auto-generated *\/\n!function(d,l){\"use strict\";l.querySelector&&d.addEventListener&&\"undefined\"!=typeof URL&&(d.wp=d.wp||{},d.wp.receiveEmbedMessage||(d.wp.receiveEmbedMessage=function(e){var t=e.data;if((t||t.secret||t.message||t.value)&&!\/[^a-zA-Z0-9]\/.test(t.secret)){for(var s,r,n,a=l.querySelectorAll('iframe[data-secret=\"'+t.secret+'\"]'),o=l.querySelectorAll('blockquote[data-secret=\"'+t.secret+'\"]'),c=new RegExp(\"^https?:$\",\"i\"),i=0;i<o.length;i++)o[i].style.display=\"none\";for(i=0;i<a.length;i++)s=a[i],e.source===s.contentWindow&&(s.removeAttribute(\"style\"),\"height\"===t.message?(1e3<(r=parseInt(t.value,10))?r=1e3:~~r<200&&(r=200),s.height=r):\"link\"===t.message&&(r=new URL(s.getAttribute(\"src\")),n=new URL(t.value),c.test(n.protocol))&&n.host===r.host&&l.activeElement===s&&(d.top.location.href=t.value))}},d.addEventListener(\"message\",d.wp.receiveEmbedMessage,!1),l.addEventListener(\"DOMContentLoaded\",function(){for(var e,t,s=l.querySelectorAll(\"iframe.wp-embedded-content\"),r=0;r<s.length;r++)(t=(e=s[r]).getAttribute(\"data-secret\"))||(t=Math.random().toString(36).substring(2,12),e.src+=\"#?secret=\"+t,e.setAttribute(\"data-secret\",t)),e.contentWindow.postMessage({message:\"ready\",secret:t},\"*\")},!1)))}(window,document);\n\/\/# sourceURL=https:\/\/notabene.world\/nb\/wp-includes\/js\/wp-embed.min.js\n\/* ]]> *\/\n<\/script>\n","thumbnail_url":"https:\/\/notabene.world\/nb\/wp-content\/uploads\/2023\/03\/monkey-3507317_1280.jpg","thumbnail_width":1280,"thumbnail_height":720,"description":"Za czas\u00f3w mojej g\u0142\u0119bokiej m\u0142odo\u015bci na Facebooku mo\u017cna by\u0142o spotka\u0107 si\u0119 z komentarzami w stylu: \"Polski rap to g\u00f3wno.\" Mia\u0142em wtedy 10 lat i bardzo \u017carliwie polemizowa\u0142em z takimi opiniami. Dzisiaj mam 18 i do takich zda\u0144 dopisa\u0142bym \"+1\". Niestety takiego rodzaju statementy znikn\u0119\u0142y praktycznie ca\u0142kowicie z opinii publicznej, bo rapu s\u0142uchaj\u0105 wszyscy i prawie wszystkim si\u0119 on bardzo podoba.  Szkoda tylko, \u017ce z mocno charakternej subkultury hip-hop, element muzyki \"rapowanej\" wy\u0142ama\u0142 si\u0119 od niej i teraz wegetuje na zat\u0119ch\u0142ym bagnie szeroko poj\u0119tej popkultury; i to w tej najbardziej wulgarnej cz\u0119\u015bci. Janusz W. (\u017cywi\u0119 wielk\u0105 nadziej\u0119, \u017ce kto\u015b w przysz\u0142o\u015bci wytoczy mu proces, wi\u0119c cenzuruje nazwisko na za\u015b) - powitajmy go brawami."}

W 2023 roku wstyd słuchać polskiego rapu - NOTABENE.WORLD

<blockquote class="wp-embedded-content" data-secret="1Nk5mnn1B9"><a href="https://notabene.world/nb/w-2023-roku-wstyd-sluchac-polskiego-rapu-2/">W 2023 roku wstyd słuchać polskiego rapu</a></blockquote><iframe sandbox="allow-scripts" security="restricted" src="https://notabene.world/nb/w-2023-roku-wstyd-sluchac-polskiego-rapu-2/embed/#?secret=1Nk5mnn1B9" width="600" height="338" title="&#8222;W 2023 roku wstyd słuchać polskiego rapu&#8221; &#8212; NOTABENE.WORLD" data-secret="1Nk5mnn1B9" frameborder="0" marginwidth="0" marginheight="0" scrolling="no" class="wp-embedded-content"></iframe><script type="text/javascript">
/* <![CDATA[ */
/*! This file is auto-generated */
!function(d,l){"use strict";l.querySelector&&d.addEventListener&&"undefined"!=typeof URL&&(d.wp=d.wp||{},d.wp.receiveEmbedMessage||(d.wp.receiveEmbedMessage=function(e){var t=e.data;if((t||t.secret||t.message||t.value)&&!/[^a-zA-Z0-9]/.test(t.secret)){for(var s,r,n,a=l.querySelectorAll('iframe[data-secret="'+t.secret+'"]'),o=l.querySelectorAll('blockquote[data-secret="'+t.secret+'"]'),c=new RegExp("^https?:$","i"),i=0;i<o.length;i++)o[i].style.display="none";for(i=0;i<a.length;i++)s=a[i],e.source===s.contentWindow&&(s.removeAttribute("style"),"height"===t.message?(1e3<(r=parseInt(t.value,10))?r=1e3:~~r<200&&(r=200),s.height=r):"link"===t.message&&(r=new URL(s.getAttribute("src")),n=new URL(t.value),c.test(n.protocol))&&n.host===r.host&&l.activeElement===s&&(d.top.location.href=t.value))}},d.addEventListener("message",d.wp.receiveEmbedMessage,!1),l.addEventListener("DOMContentLoaded",function(){for(var e,t,s=l.querySelectorAll("iframe.wp-embedded-content"),r=0;r<s.length;r++)(t=(e=s[r]).getAttribute("data-secret"))||(t=Math.random().toString(36).substring(2,12),e.src+="#?secret="+t,e.setAttribute("data-secret",t)),e.contentWindow.postMessage({message:"ready",secret:t},"*")},!1)))}(window,document);
//# sourceURL=https://notabene.world/nb/wp-includes/js/wp-embed.min.js
/* ]]> */
</script>

Za czasów mojej głębokiej młodości na Facebooku można było spotkać się z komentarzami w stylu: "Polski rap to gówno." Miałem wtedy 10 lat i bardzo żarliwie polemizowałem z takimi opiniami. Dzisiaj mam 18 i do takich zdań dopisałbym "+1". Niestety takiego rodzaju statementy zniknęły praktycznie całkowicie z opinii publicznej, bo rapu słuchają wszyscy i prawie wszystkim się on bardzo podoba.  Szkoda tylko, że z mocno charakternej subkultury hip-hop, element muzyki "rapowanej" wyłamał się od niej i teraz wegetuje na zatęchłym bagnie szeroko pojętej popkultury; i to w tej najbardziej wulgarnej części. Janusz W. (żywię wielką nadzieję, że ktoś w przyszłości wytoczy mu proces, więc cenzuruje nazwisko na zaś) - powitajmy go brawami.
