{"version":"1.0","provider_name":"NOTABENE.WORLD","provider_url":"https:\/\/notabene.world\/nb","author_name":"C vel K","author_url":"https:\/\/notabene.world\/nb\/author\/kcedro\/","title":"Tako rzecze DJ Trump, czyli w oparach absurdu... - NOTABENE.WORLD","type":"rich","width":600,"height":338,"html":"<blockquote class=\"wp-embedded-content\" data-secret=\"QvVFqHy8BN\"><a href=\"https:\/\/notabene.world\/nb\/wezmy-sobie-grenlandie-kanade-i-co-jeszcze\/\">Tako rzecze DJ Trump, czyli w oparach absurdu&#8230;<\/a><\/blockquote><iframe sandbox=\"allow-scripts\" security=\"restricted\" src=\"https:\/\/notabene.world\/nb\/wezmy-sobie-grenlandie-kanade-i-co-jeszcze\/embed\/#?secret=QvVFqHy8BN\" width=\"600\" height=\"338\" title=\"&#8222;Tako rzecze DJ Trump, czyli w oparach absurdu&#8230;&#8221; &#8212; NOTABENE.WORLD\" data-secret=\"QvVFqHy8BN\" frameborder=\"0\" marginwidth=\"0\" marginheight=\"0\" scrolling=\"no\" class=\"wp-embedded-content\"><\/iframe><script type=\"text\/javascript\">\n\/* <![CDATA[ *\/\n\/*! This file is auto-generated *\/\n!function(d,l){\"use strict\";l.querySelector&&d.addEventListener&&\"undefined\"!=typeof URL&&(d.wp=d.wp||{},d.wp.receiveEmbedMessage||(d.wp.receiveEmbedMessage=function(e){var t=e.data;if((t||t.secret||t.message||t.value)&&!\/[^a-zA-Z0-9]\/.test(t.secret)){for(var s,r,n,a=l.querySelectorAll('iframe[data-secret=\"'+t.secret+'\"]'),o=l.querySelectorAll('blockquote[data-secret=\"'+t.secret+'\"]'),c=new RegExp(\"^https?:$\",\"i\"),i=0;i<o.length;i++)o[i].style.display=\"none\";for(i=0;i<a.length;i++)s=a[i],e.source===s.contentWindow&&(s.removeAttribute(\"style\"),\"height\"===t.message?(1e3<(r=parseInt(t.value,10))?r=1e3:~~r<200&&(r=200),s.height=r):\"link\"===t.message&&(r=new URL(s.getAttribute(\"src\")),n=new URL(t.value),c.test(n.protocol))&&n.host===r.host&&l.activeElement===s&&(d.top.location.href=t.value))}},d.addEventListener(\"message\",d.wp.receiveEmbedMessage,!1),l.addEventListener(\"DOMContentLoaded\",function(){for(var e,t,s=l.querySelectorAll(\"iframe.wp-embedded-content\"),r=0;r<s.length;r++)(t=(e=s[r]).getAttribute(\"data-secret\"))||(t=Math.random().toString(36).substring(2,12),e.src+=\"#?secret=\"+t,e.setAttribute(\"data-secret\",t)),e.contentWindow.postMessage({message:\"ready\",secret:t},\"*\")},!1)))}(window,document);\n\/\/# sourceURL=https:\/\/notabene.world\/nb\/wp-includes\/js\/wp-embed.min.js\n\/* ]]> *\/\n<\/script>\n","thumbnail_url":"https:\/\/notabene.world\/nb\/wp-content\/uploads\/2026\/01\/tako-rzecze1.gif","thumbnail_width":800,"thumbnail_height":445,"description":"Wenezuelski dyktator Nicolas Maduro obalony, a mija dopiero rok, odk\u0105d DJ Trump usi\u0142uje nas przekona\u0107, \u017ce mimo tego co\u015b jednak \"\u017ale si\u0119 dzieje\" w pa\u0144stwie du\u0144skim... Wida\u0107, s\u0142ycha\u0107, a i czu\u0107 to zreszt\u0105 na ulicach takiej na przyk\u0142ad Kopenhagi. Pomimo zimowej pory porozbierane nieprzyzwoicie Lego-syrenki, przykucni\u0119te przy nabrze\u017cach, bujaj\u0105 si\u0119 mimo wszystko frywolnie, z ca\u0142\u0105 pewno\u015bci\u0105 nie\u015bwiadome, \u017ce Dania juz niebawem mo\u017ce znale\u017a\u0107 si\u0119 w centrum kolejnego powa\u017cnego kryzysu mi\u0119dzynarodowego - na skal\u0119 wprost nie-wy-o-bra-\u017cal-n\u0105.  A wszystko to za spraw\u0105 legotycznie komiksowego prezydenta Trumpa oraz rzeczywistej, b\u0119d\u0105cej du\u0144skim\u00a0terytorium zale\u017cnym, Grenlandii, kt\u00f3r\u0105 ten\u017ce chcia\u0142by \"sobie wzi\u0105\u0107\" i uczyni\u0107 ze\u0144 raczej \"Ameryk\u0119\" ni\u017c \"EUrop\u0119\" - cho\u0107by nawet tego bardzo nie chcia\u0142a (?).  Co\u015b si\u0119 zmieni\u0142o jednak od roku 2019, gdy Trump got\u00f3w by\u0142 Grenlandi\u0119 kupi\u0107, chocia\u017c nie by\u0142a wystawiona na sprzeda\u017c ani wtedy, ani teraz. Jak to NIE na sprzeda\u017c? Powiedzenie NIE ameryka\u0144skiemu hucpiarzowi urasta niestety ni-st\u0105d-ni-zow\u0105d w dzisiejszych czasach do rangi dyplomatycznego\u00a0faux pas. Skoro okaza\u0142o si\u0119, i\u017c o jakimkolwiek \"biznesie\" w kwestii grenlandzkiej nie by\u0142o i nie mo\u017ce by\u0107 mowy, czekamy teraz na kolejnego focha naszego anty-bohatera, kt\u00f3ry w 2019 odwo\u0142a\u0142 w trybie pilnym planowan\u0105 wtedy wizyt\u0119 oficjaln\u0105 w Lego-Kr\u00f3lestwie Danii. Nie, to nie! Lego-Kr\u00f3lowa Ma\u0142gorzata naturalnie bardzo si\u0119 tym przej\u0119\u0142a i wpad\u0142a w rozpacz tak wielk\u0105, i\u017c czem pr\u0119dzej zarz\u0105dzi\u0142a og\u00f3lnonarodow\u0105 Lego-fiest\u0119, kt\u00f3ra zako\u0144czy si\u0119 (a jak\u017ce) konkursem i balem charytatywnym, podczas kt\u00f3rego dumni poddani stworz\u0105 z klock\u00f3w gigantyczn\u0105 Lego-Grenlandi\u0119?"}

Wenezuelski dyktator Nicolas Maduro obalony, a mija dopiero rok, odkąd DJ Trump usiłuje nas przekonać, że mimo tego coś jednak "źle się dzieje" w państwie duńskim... Widać, słychać, a i czuć to zresztą na ulicach takiej na przykład Kopenhagi. Pomimo zimowej pory porozbierane nieprzyzwoicie Lego-syrenki, przykucnięte przy nabrzeżach, bujają się mimo wszystko frywolnie, z całą pewnością nieświadome, że Dania juz niebawem może znaleźć się w centrum kolejnego poważnego kryzysu międzynarodowego - na skalę wprost nie-wy-o-bra-żal-ną.  A wszystko to za sprawą legotycznie komiksowego prezydenta Trumpa oraz rzeczywistej, będącej duńskim terytorium zależnym, Grenlandii, którą tenże chciałby "sobie wziąć" i uczynić zeń raczej "Amerykę" niż "EUropę" - choćby nawet tego bardzo nie chciała (?).  Coś się zmieniło jednak od roku 2019, gdy Trump gotów był Grenlandię kupić, chociaż nie była wystawiona na sprzedaż ani wtedy, ani teraz. Jak to NIE na sprzedaż? Powiedzenie NIE amerykańskiemu hucpiarzowi urasta niestety ni-stąd-ni-zowąd w dzisiejszych czasach do rangi dyplomatycznego faux pas. Skoro okazało się, iż o jakimkolwiek "biznesie" w kwestii grenlandzkiej nie było i nie może być mowy, czekamy teraz na kolejnego focha naszego anty-bohatera, który w 2019 odwołał w trybie pilnym planowaną wtedy wizytę oficjalną w Lego-Królestwie Danii. Nie, to nie! Lego-Królowa Małgorzata naturalnie bardzo się tym przejęła i wpadła w rozpacz tak wielką, iż czem prędzej zarządziła ogólnonarodową Lego-fiestę, która zakończy się (a jakże) konkursem i balem charytatywnym, podczas którego dumni poddani stworzą z klocków gigantyczną Lego-Grenlandię?
